t of k?
3
Let l be (-4 - -7)/((-6)/(-4)). Suppose -l*q - 2*q = -72. What is the units digit of q?
8
Suppose -4*t - 55 = -9*t. Suppose -o - t - 24 = -5*k, 0 = -2*o + 10. Let v = -5 + k. What is the units digit of v?
3
Let x = 522 + -310. What is the hundreds digit of x?
2
Suppose -2*m = -8 - 4. Let h = -1 + m. What is the units digit of h?
5
Let v be (4/(-6))/((-12)/54). Suppose 0 = -v*g + y + 12, 5*g + 7*y - 4*y = 34. What is the units digit of g?
5
Suppose 2*p = 3*m + 2 + 4, 0 = -3*p + 4*m + 11. Let t be 5/(0 - (-4)/(-4)). Let q = p + t. What is the units digit of q?
4
Let i(r) = 29*r**2 - 4*r + 4. What is the tens digit of i(1)?
2
Suppose -4*d = -5*l - 10, 4*l = -2*d + 5*d - 7. Suppose -8 = -x + s, x - 4*s = -0*s + d. What is the units digit of x?
9
Let v(o) = 4*o**2 - 2*o + 4. Let k(g) = -g**2 + 5*g + 3. Let b be k(6). What is the units digit of v(b)?
6
Suppose -249 = -5*u + 346. What is the tens digit of u?
1
What is the hundreds digit of ((-156)/10)/((-27)/630)?
3
Let a(m) = 21*m**2 + 4*m + 3. Let t be a(-2). Suppose 0 = -2*w - 2*f + 34, -w - t = -6*w - 3*f. What is the tens digit of w?
1
Let d(n) = 2*n**2 + 7*n - 1. What is the units digit of d(-5)?
4
Suppose 2*d - 76 = -2*g, 0 = -2*d - 0*d - 3*g + 77. What is the units digit of d?
7
Let c(d) = 14*d**2 + 3*d - 2. Let j be c(-4). Suppose 4*l - j + 26 = 0. What is the tens digit of l?
4
Let h(z) = -22*z**3 + 2*z**2 - 1. Let k(w) = -w**3 - w**2 + 3*w + 1. Let b be k(-2). What is the tens digit of h(b)?
2
Suppose -245 = -w + v - 56, -w + 3*v = -179. What is the units digit of w?
4
Let q be 56/16 + 2/(-4). Suppose -31 = -q*i - 4. What is the units digit of i?
9
Suppose -6*h + 4*h = -36. What is the tens digit of h?
1
Let r be 2 + 0*(-2)/6. Let s(a) = -4*a + 3*a**3 + 3*a - 1 + 5*a**2 + 0*a - r*a**3. What is the units digit of s(-5)?
4
What is the tens digit of 328/(-6)*(-5)/(60/18)?
8
Suppose 3 + 14 = -r. Let g = r + 30. What is the tens digit of g?
1
Let r be (-4)/(-4 + 6/2). Suppose j + r = 3. What is the units digit of (-29)/(-3) + j/(-3)?
0
Suppose 0 = y - 3*y. Suppose y = -5*t - 31 + 141. What is the units digit of t?
2
Let v be 75/27 + (-6)/(-27). Suppose 0 = -v*k + 4 + 20. What is the units digit of k?
8
Let g(i) = i**3 + 9*i**2 - 13*i + 11. What is the tens digit of g(-10)?
4
Let t(a) = -a**3 + 3*a**2 + 3*a - 4. Let b be t(4). Let v(y) = -y**3 - 9*y**2 - 8*y + 1. What is the units digit of v(b)?
1
Let r be 76 - (4*-1 - -2). Suppose d = -4*l + 78 + r, -8 = 2*d. What is the tens digit of l?
4
Suppose -3*i + 9 = -3*v - 3, -v = 1. Suppose -46 = -5*k - y, -i*k - 2*y = -5*k + 16. What is the units digit of k?
9
Let y be (-15)/(-6) + (-6)/4. Let b be 29 - (1 + -1)/y. Let g = b - 18. What is the tens digit of g?
1
Suppose -5 = -2*p + 5. Suppose -p*l = -120 - 165. What is the tens digit of l?
5
What is the units digit of (-8)/12 + 628/6?
4
Let u(d) = 21*d**3 + 2*d**2 - 5*d + 1. What is the units digit of u(2)?
7
Suppose -i + 0*i + 1 = 0. Suppose -p + i + 2 = 0. Suppose -y = w + p, -2*w = -7*y + 2*y - 29. What is the units digit of w?
2
Suppose 2*r + 306 = 8*r. What is the tens digit of r?
5
Suppose -3 = -2*y + x, 5*y = -x + 12 - 1. Suppose 0 = -y*v - v, d - 4*v = 11. What is the tens digit of d?
1
Let z(q) = q + 4. Let x be z(-3). What is the units digit of -3 + 3 + x - -26?
7
Let i(s) = -s**2 - 3*s + 5. Let y be i(-4). What is the tens digit of y/3 - (-64)/6?
1
Let h be (12/3)/4*33. Let a = h - -3. What is the units digit of a?
6
Let u be 12 + (-2 + 8)/(-3). Suppose 2*g + 3*g - u = -3*c, -12 = -2*c - 2*g. What is the units digit of c?
0
Let o(k) = k**2 + 6*k - 5. Let d be o(-7). Suppose 0 = v - d + 4. Let z = 3 + v. What is the units digit of z?
1
Let q(o) = o - 14. Let x be q(11). Let n = x + 4. What is the units digit of n?
1
Let m = 0 + 1. Let s be (3 - (m - -1))/1. Suppose s - 5 = -2*l. What is the units digit of l?
2
Suppose -3*o = -0*u - 5*u + 162, 2*u + 2*o - 52 = 0. What is the tens digit of u?
3
Let v be (3 - (-2 - -2))*1. Let r be ((-2)/(-6))/(v/9). What is the units digit of (9/6 - r)*12?
6
Suppose -q + 5*r + 48 = -0*q, -5*q - 5*r + 120 = 0. What is the units digit of q?
8
Suppose -2*i - 2*i + 20 = 0. Let t(u) = -4*u**2 + 1. Let q(d) = d**2 + d - 1. Let g(s) = -3*q(s) - t(s). What is the units digit of g(i)?
2
Let f(n) = -n**2 - 28. Let h be f(0). What is the tens digit of (-138)/(-7) + (-8)/h?
2
Let d = -16 - -25. What is the tens digit of (d/15)/((-1)/(-95))?
5
Let o(q) = -q + 2. Let j be o(0). Suppose -j*c + 60 = -5*l + 7, -76 = -4*c + 4*l. What is the tens digit of c?
1
Let m = -77 + 179. What is the units digit of m?
2
Suppose -7*w = -2*w - 10. What is the units digit of (w - 3)/(2/(-22))?
1
Suppose -5*o + 6*o = 39. What is the units digit of o?
9
Let t(w) = w**2 - 3*w - 6. Let h be t(5). Let b be h/6 + (-26)/(-6). Suppose 7*x - 50 = 2*x - 5*c, -b*c + 42 = 4*x. What is the units digit of x?
8
Let w(b) = 10*b + 19. What is the tens digit of w(8)?
9
Let r be (-10)/35 - 61/7. What is the units digit of 24/9 - 3/r?
3
Let x(i) = -i**3 + 6*i**2 - 4*i + 6. Let v be x(5). Let g = v - 2. What is the units digit of g?
9
What is the hundreds digit of ((-288)/(-80))/((-3)/(-220))?
2
Suppose 5*g = -3*c + 63 + 302, g = c + 73. What is the tens digit of g?
7
What is the units digit of -6*2/(-9)*6?
8
Let o(c) = -c - 2. Let g be o(0). What is the units digit of (g - (2 - 6)) + 11?
3
Let u be 3*(1 - (-15)/9). Suppose -u = -2*f - 2. Suppose h - 5 = s - h, -f*s + 3*h = 6. What is the units digit of s?
1
Let j(a) be the first derivative of 2*a**3/3 - a**2/2 + a + 5. What is the tens digit of j(4)?
2
Let z(o) = 3*o + 5 + 0*o - 2*o - 5*o. What is the units digit of z(-4)?
1
Let u = 15 - 10. Suppose -7*o - u*c + 125 = -2*o, 2*o - 65 = -5*c. What is the units digit of o?
0
Let n = 18 + -8. Let b(i) = -i**3 - 3*i**2 + 6*i + 4. Let l be b(-4). Let y = n + l. What is the units digit of y?
6
Let a(j) = 56*j + 1. Let y be a(1). Suppose -4*m - y = -7*m. What is the tens digit of m?
1
Let s = 2 + 0. Suppose -r = -4*r. Suppose 3*l - 26 + s = r. What is the units digit of l?
8
Let w(h) = -8*h + 8. What is the units digit of w(-14)?
0
Suppose -5*z - 5*l - 40 = 0, -3*l = -0*z - 2*z + 4. Let g(x) = -x + 3. Let f be g(z). Suppose -14 - f = -3*q. What is the units digit of q?
7
Let s(u) = 2*u**3 + 3*u**2 - 1. Let v be s(-3). Let h(q) = q**2 - 12*q + 17. Let d be h(7). Let f = d - v. What is the units digit of f?
0
Let z(b) = 41*b + 2. Let x be z(-2). What is the units digit of ((-2)/4)/(5/x)?
8
Suppose 3*u - 2174 + 209 = 0. What is the units digit of (-2)/(-8) + u/20?
3
Let y = 9 + -3. Suppose -3*t - 40 = -y*t + 5*g, -30 = -2*t + 4*g. Suppose -t*b + 15 = 2*x, -3*b - x + 5 = x. What is the units digit of b?
5
Let k = 303 + -184. What is the tens digit of k?
1
Let y be 5*2 - (-3)/(-1). Let f = y - 3. What is the units digit of f?
4
What is the units digit of (78/(12/4))/1?
6
Let o(a) = 2*a**2 - 3*a - 2. Let n(q) = 5*q**2 + 2*q + 1. Let l be n(-1). Suppose 2*m + 0*y = 4*y - 4, -5*y = -2*m - l. What is the units digit of o(m)?
2
Suppose 0 = -3*u - 17 + 59. What is the units digit of u?
4
What is the tens digit of ((-3)/5 + 1)*95*1?
3
Suppose 3*l - 8 = l. Let w be (-5)/5*l/(-1). What is the units digit of w + 5/(5/2)?
6
Let k = 11 - 0. What is the units digit of k?
1
Suppose -d + 3 = d + j, -2*j + 6 = 5*d. What is the tens digit of 13/(d - 2/(-2))?
1
Suppose 4*k - 28 = -4. Suppose 2*d = 4*r + 10, 6*d = -4*r + d - 31. Let h = r + k. What is the units digit of h?
2
Let c = 2 + 6. What is the units digit of c?
8
Let o(h) = h + 3. Let k(s) = s**2 - 10*s + 6. Let p be k(9). Let u be o(p). Suppose u = j + j - 18. What is the units digit of j?
9
Suppose -6 = a - 2*x, 6 = -4*a - 0*x + 2*x. Suppose a*g - 16 = -2*g. Suppose -3*t = -g*t + 5. What is the units digit of t?
1
Suppose -k = -4*k + 3. What is the units digit of k?
1
Suppose 0 = 4*m - 8*m + 380. What is the tens digit of m?
9
Let j be (-1062)/(-126) + (-4)/(-7). Suppose -j*h + 4*h = -70. What is the tens digit of h?
1
Let h(i) = -i**3 - 5*i**2 + i - 3. Let n be h(-6). Let u = 46 - n. What is the tens digit of u?
1
Let b(o) be the second derivative of o**5/20 - o**4/2 - 2*o**3/3 - 9*o**2/2 - 3*o. Let s be b(7). Let d = s + -4. What is the units digit of d?
8
Let t(d) 